 - 7)?
5
What is the value of -6 + 9 - (2 - -1)?
0
What is the value of 0 + (3 - (-8 + 4))?
7
-1 - -9 - (7 - 0)
1
What is (1 - 5) + 1 + -1?
-4
What is 3 + 9 + -4 - 6?
2
What is the value of 0 - (0 - (4 + -7) - 7)?
4
Evaluate -7 + 8 + 9 - 12.
-2
Evaluate (-3 + 0 - (-4 - -2)) + -2.
-3
Calculate 1 - (-5 - (4 + -7)).
3
Evaluate -4 - ((1 - 0) + -6 + 6).
-5
What is the value of -1 + -1 - (-5 + -4 + 3)?
4
Calculate -4 - ((11 - 5) + -4).
-6
-2 + 3 + (-18 - -17) + -1
-1
What is (-3 - (2 + 3)) + 16?
8
Calculate -1 + -5 - (16 + -15).
-7
Evaluate (5 - 4) + -2 + -2.
-3
Calculate -9 + 1 + 6 - (3 + 0).
-5
What is the value of (-3 - (-3 - -2)) + 3 + 2?
3
Evaluate -11 + 8 + -5 - -9.
1
Evaluate 0 - -1 - (16 - 12).
-3
Evaluate -4 - (3 + (0 - 3) + -5).
1
Evaluate (-26 - -24) + (1 + -2 - 2).
-5
What is 3 - 3 - (-3 + (-1 - -7))?
-3
Evaluate 7 + 6 + -8 - (2 + -2).
5
What is 3 - (2 + -1) - (40 - 46)?
8
Evaluate -13 - -10 - (-2 - 7).
6
(-7 - -4 - -8) + (-1 - 9)
-5
Calculate 5 + (-2 - (0 - -4)).
-1
Calculate -1 - -3 - (-9 + 8).
3
What is the value of (-3 - -2) + -2 + -1 + 0?
-4
What is -1 - (2 + 2 + -3 - 4)?
2
What is the value of -3 - (-8 + 14 + -4)?
-5
What is the value of (-4 + 2 - -1) + 7?
6
What is the value of 5 + (1 - 4) + (-7 - -7)?
2
Evaluate 0 + -14 + -133 + 145.
-2
(6 - 4) + (-3 - -4)
3
1 - 0 - (-1 + 0 + 2)
0
(-4 + 5 - 6) + 1
-4
Evaluate -4 - ((2 - -3) + -9).
0
1 - 5 - (-7 - -2 - -2)
-1
(-22 - -19) + (1 - -2) - -6
6
What is 1 - -3 - -2 - (-23 - -22)?
7
Evaluate -2 - (-6 + 8 + -1 - -4).
-7
Evaluate -15 + 12 + (8 - 1).
4
Calculate -6 - (-2 - 7 - -5).
-2
Calculate -2 + (-3 - -5 - (0 - 2)).
2
What is (-10 - -19) + -16 + 1 + 0?
-6
4 + (6 - -2) - 6
6
(-6 - 2) + 4 + 6
2
Evaluate 4 + (-10 - (4 - 5)) + 5.
0
What is the value of -4 - ((2 - 6) + -1)?
1
What is the value of 5 + 0 - (-24 - -32) - 4?
-7
Calculate -7 + (-1 - (-2 + -4)).
-2
What is -2 - 2 - (-2 + 0 + 0)?
-2
Calculate -6 - (-29 + 14 + 0 + -1).
10
Evaluate -5 + 4 + 1 - -4.
4
Calculate (-6 - -7) + (-1 - (-2 - -3)).
-1
Calculate -6 + -1 + 1 + -3 + 6.
-3
What is 1 + -11 - (33 + -39) - 2?
-6
What is -1 + 0 + 6 + (-17 - -7)?
-5
Evaluate (3 + -14 - 1) + 5.
-7
Evaluate 15 + 22 + -32 - (0 - 0).
5
Evaluate -2 - -4 - -3 - 0.
5
-1 - (-5 + 6 + 1)
-3
What is 4 - (7 + 4 + -8) - 0?
1
Evaluate -1 - (-6 - -3) - (3 + 2).
-3
What is the value of (-6 - (-1 + 1)) + -20 + 24?
-2
What is the value of -8 - -7 - (5 + 0)?
-6
Calculate (-1 - (4 + -6 + 2)) + 1.
0
59 + -58 + 0 + 2
3
What is -9 + 2 + (6 - 2)?
-3
Evaluate (-1 - -1) + (-1 + -1 - -9).
7
1 - (-1 + -10 - -8)
4
5 + -9 + 9 + -9 + 10
6
What is 2 + -1 - (-15 - -15)?
1
Evaluate (2 - 6) + -3 + 4 + 2.
-1
What is 5 - (19 + -6 + 2 + -2)?
-8
-4 - (2 - -1 - (8 + 3))
4
What is 2 + -3 + 0 + 8?
7
What is the value of -5 + 1 + 1 + (-3 - -5)?
-1
Calculate 1 + (-3 - (-13 - -7)).
4
4 - 1 - (-5 + 6)
2
Calculate 3 - -1 - (4 - (8 - 7)).
1
Calculate (0 - 4) + (9 - 10).
-5
What is the value of 1 - (1 - 5 - 5 - -3)?
7
What is the value of 5 + 5 + (0 - 5) + -8?
-3
2 - (-1 - (13 - 21))
-5
Calculate 2 + 1 + 1 + -3 + -2.
-1
Evaluate -22 + 21 + -5 + 3.
-3
Calculate 7 + -19 - -6 - -4.
-2
-12 + 12 + (11 - 9)
2
What is (0 - 5) + -1 + 4?
-2
Calculate -1 + 0 + 0 + (28 - 32).
-5
Evaluate 15 - (10 - -3) - (0 - 6).
8
What is the value of (-1 - 7) + (17 - (4 + 12))?
-7
(-4 - (-1 - -4)) + 16 - 7
2
What is 8 + -3 - 5 - (-1 - 0)?
1
What is (-6 + -2 - (-20 - -14)) + 1?
-1
Evaluate (-3 - 1) + (-3 - -3 - 0).
-4
What is the value of -2 + 4 - (6 + 0 + 0)?
-4
What is 2 + 1 + -7 + -4?
-8
Calculate 3 + 8 + -6 - 5.
0
What is -5 + (7 - 11) - (0 + -5)?
-4
What is the value of (1 - (-4 + 3)) + 8 + -3?
7
-9 - (0 - (10 + -6))
-5
Evaluate 6 + (3 - 8 - (0 - 2)).
3
What is 7 + (-5 + 7 - -1) - 6?
4
What is (-48 - -53) + 0 + 1?
6
Evaluate (-2 - 2) + 26 + -27.
-5
What is 5 + 2 - (13 - -2)?
-8
Evaluate -1 + 1 + 0 - -5.
5
What is the value of (-3 - -4 - 1 - 2) + 2?
0
What is the value of -2 + (-11 - -11) + -4?
-6
What is the value of 14 + -6 + 0 - 9?
-1
What is 2 + (-2 - 3) + 7?
4
What is the value of (71 - 82) + (9 - 1)?
-3
Calculate -1 + 1 + 6 + -11 + 3.
-2
Calculate 16 + 9 + -16 + 2 + -6.
5
What is 0 - (4 + (3 - 5) + 2)?
-4
-4 - (-2 + (-11 - -6))
3
Calculate 7 + 1 + -5 + -2.
1
What is the value of 2 - -6 - (7 + 1 - 4)?
4
What is -2 - (5 + -9) - (-2 + 1)?
3
What is (-31 - -29) + 12 + -2?
8
6 - ((7 - 4) + 8)
-5
-2 - (1 - 2) - 2
-3
Evaluate 2 - (4 - 6) - 3.
1
What is (0 - -14) + (-39 - -26)?
1
Evaluate 0 - (2 + -5 + (-2 - -1)).
4
Evaluate 0 + (4 + -12 - -3).
-5
Evaluate -5 - (5 + -12 - 0).
2
Evaluate 1 - (0 + -4 - -5).
0
Evaluate 0 + (-8 - (-1 + -3)) + 2.
-2
What is the value of 2 + -13 + (1 - -10 - 5)?
-5
What is the value of -5 - (-2 + -4 + 1)?
0
What is (3 - 4) + 2 + 3 + -1?
3
What is (-7 - -4) + (-11 - -16)?
2
Evaluate -2 + (1 - (4 - 6)) + -5.
-4
What is the value of 8 + 4 + -6 - 1?
5
What is (5 - 1) + -5 - (4 + -3)?
-2
Evaluate (7 - 3) + 1 + -16 - -5.
-6
What is (-12 - 4 - -6) + 6?
-4
Calculate 1 - (-1 - ((-5 - -2) + -1)).
-2
What is (7 - ((5 - 2) + 0)) + -3?
1
What is 15 + -5 - 7 - 1?
2
Calculate -6 + 4 - (-3 + 4).
-3
What is -3 - -4 - (10 - 4)?
-5
-23 + 15 - (-6 + 0)
-2
Calculate -3 - (2 + -5 - -4).
-4
Evaluate (-9 - -5) + 10 + -1.
5
What is -7 + 0 - (36 + -43)?
0
What is the value of (-13 - -15) + -8 + 1 + -1?
-6
-1 - (3 - -2 - 4)
-2
Evaluate 3 - ((1 - -3) + -4) - -1.
4
Evaluate 6 + -10 - -4 - -3.
3
Calculate -3 + 2 - -4 - (17 - 19).
5
1 - 2 - (-6 - -9) - -3
-1
What is the value of 3 - -1 - 4 - (2 + -2)?
0
What is the value of -2 - (-4 - 0) - (1 + 3)?
-2
Evaluate -6 - (4 - 2 - 1).
-7
(3 - 2) + -2 + -2 + 5
2
Evaluate -2 - (-4 + 2 + -5).
5
Calculate 2 + 3 + -1 + (-14 - -5).
-5
Evaluate 10 - (14 - -2) - 2.
-8
Evaluate (0 - 4 - 1) + 140 + -143.
-8
What is (5 - (2 - -4)) + 2?
1
What is 13 - (-7 + -4 + 23)?
1
5 - ((0 + 0 - -3) + 4)
-2
What is 6 - (-3 + (4 - 0))?
5
(7 - 2) + (-63 - -52)
-6
What is (-7 + (7 - -1) - -2) + 2?
5
Evaluate 1 - 4 - (42 - 50).
5
Evaluate -1 + 1 + 0 - (1 + -1).
0
What is -43 + 43 - (1 - 0 - 4)?
3
What is (24 + -3 - 8) + -5?
8
What is the value of -2 + -6 + 5 - 0?
-3
What is 3 - (3 - (-2 - (-2 + -3)))?
3
Calculate (0 - 5 - -11) + -10.
-4
-8 + 2 - (1 + -4 + 6)
-9
(-6 - (-7 + 5)) + 7
3
Evaluate -44 - -53 - (0 - -7).
2
Calculate 5 + (-2 - (4 + -10) - 7).
2
What is (4 - 2) + (2 - (-7 + 4))?
7
What is the value of -6 - (0 + -2 + -8)?
4
(-7 - 0) + 11 + -6
-2
What is the value of -3 - 2 - (-7 + 2 + 3)?
-3
(-2 - (4 - 4)) + 1
-1
Calculate -8 - ((-4 - 0) + 22 + -21).
-5
Calculate -1 + 7 + (-1 - 2) - 3.
0
Calculate 1 - -4 - 0 - 8.
-3
-16 + 14 + 5 + -2 + 2
3
Evaluate -1 - (7 - 1 - (3 - -2)).
-2
Evaluate 0 - -11 - (-12 - -19).
4
Evaluate 6 - ((1 - 4) + 11).
-2
What is the value of -1 + -3 + 4 + -5?
-5
Calculate -2 + 6 - (-2 + 0 + 2).
4
What is the value of 2 + -6 - (15 + -30) - 1?
10
What is (0 - 3) + 2 + 0 + 2?
1
-3 + (1 - (3 + -4 + 1))
-2
Calculate 1 - (-3 - -2 - (-2 - -3)).
3
What is 0 + (-13 - (2 - 11))?
-4
Calculate (-6 - -2) + -9 - -5 - 0.
-8
What is the value of -7 + 1 - (-12 - (-11 + 1))?
-4
Calculate 0 + (-3 - -2) - 4.
-5
Calculate (57 - 56) + 0 + -3 + -1.
-3
Calculate -6 + -1 + 2 + -2 + 3.
-4
Evaluate 2 - (6 - (-9 - -15)).
2
Calculate (-2 - -3) + 0 + (-19 - -15).
-3
What is the value of 2 + -6 + 2 - 0?
-2
What is -4 - -14 - 10 - (0 + 4)?
-4
What is the value of 1 - (2 + 2) - (-1 - -1)?
-3
Evaluate (5 - 0) + 3 + 3 + -8.
3
-6 - -2 - (-21 - -18)
-1
3 + 2 + (-1 + 9 - 4)
9
Calculate -8 - (13 - 11) - (-3 + -1).
-6
What is the value of -8 + -2 + (-6 - -17)?
1
Evaluate 0 - (-4 - 3) - 11.
-4
Calculate 0 + 1 + -4 + (534 - 536).
-5
(8 - (-6 - -23)) + 3
-6
What is the value of 1 - (1 + (3 - 1) + -1)?
-1
What is 8 - (4 - (5 + -2))?
7
What is the value of (6 - -3) + -1 + -1?
7
Calculate (-1 + -2 + 2 - 1) + 4.
2
Evaluate -8 + (0 - 5 - -7) - -1.
-5
-9 - (-1 - (4 + -1))
-5
Evaluate (3 - 1) + 2 + -7.
-3
What is the value of (-2 - -3 - 0) + -6 + 5?
0
Evaluate (6 - 0) + 0 + -13.
-7
-11 + 15 - (8 - (0 + 2))
-2
Calculate -8 + 1 - (-3 - -1).
-5
-9 + 4 + 2 - -4
1
Calculate 6 - (3 - (-2 + 3)) - 4.
0
What is the value of (-17 - (-7 + -1 + 1)) + 1?
-9
Calculate 2 + -2 + (-4 - -1).
-3
Evaluate (10 + -11 - (-4 + 1)) + -1.
1
What is the value of 3 - (-6 + 13) - (-1 - 0)?
-3
-2 + (-4 + 0 - -1)
-5
What is the value of 14 + -2 + -8 - (4 - 8)?
8